hat is -32012330 (base 4) in base 2?
-1110000110111100
Convert 473 (base 13) to base 11.
640
Convert -100122 (base 3) to base 2.
-100000100
What is -100145 (base 6) in base 8?
-17241
1482 (base 10) to base 5
21412
11278 (base 9) to base 11
571a
Convert 57528 (base 9) to base 16.
95c3
Convert 332301 (base 6) to base 11.
19944
1132122 (base 4) to base 8
13632
272 (base 16) to base 15
2bb
9a2 (base 11) to base 5
14301
What is -1a1 (base 14) in base 12?
-241
What is 118 (base 15) in base 2?
11111000
Convert -16a2 (base 16) to base 8.
-13242
What is 81 (base 15) in base 16?
79
Convert 1034120 (base 6) to base 12.
25940
4789 (base 10) to base 3
20120101
2556 (base 11) to base 13
1690
1220020202 (base 3) to base 2
1001000111110001
Convert -4374 (base 8) to base 6.
-14352
-454a (base 11) to base 13
-2953
-590 (base 14) to base 2
-10001010010
What is 9977 (base 12) in base 2?
100001000101011
Convert 38567 (base 9) to base 4.
12111331
400 (base 8) to base 11
213
Convert -1201021202 (base 3) to base 13.
-12488
Convert 1b0 (base 16) to base 6.
2000
What is -72817 (base 10) in base 6?
-1321041
Convert 5632 (base 13) to base 11.
9056
Convert -459 (base 10) to base 4.
-13023
802 (base 15) to base 14
92a
Convert -102213 (base 4) to base 15.
-546
What is 132 (base 13) in base 2?
11010010
1134050 (base 6) to base 16
e74e
Convert 23212 (base 4) to base 13.
451
Convert -515 (base 14) to base 8.
-1747
What is -5810 (base 10) in base 16?
-16b2
-242033 (base 5) to base 10
-9018
Convert -25 (base 8) to base 16.
-15
What is 1332301 (base 4) in base 10?
8113
17725 (base 13) to base 3
2021221101
Convert -122236 (base 7) to base 12.
-10b84
Convert 110000101100001 (base 2) to base 12.
12515
1a80 (base 12) to base 7
12342
What is -36033 (base 11) in base 7?
-304305
Convert -2133220 (base 4) to base 14.
-3a1a
What is 147 (base 11) in base 3?
20101
Convert 111001101100 (base 2) to base 7.
13523
1112200 (base 3) to base 7
3165
What is -4988 (base 11) in base 12?
-3925
-3012 (base 14) to base 2
-10000000111000
-103012 (base 4) to base 8
-2306
Convert 12011220 (base 3) to base 13.
1947
What is 10011111001 (base 2) in base 10?
1273
Convert 14423 (base 6) to base 4.
210033
Convert -2a5 (base 13) to base 14.
-25b
3223333 (base 4) to base 2
11101011111111
Convert 131 (base 5) to base 7.
56
33256 (base 10) to base 12
172b4
What is -101000011010000 (base 2) in base 12?
-bb80
What is 381 (base 11) in base 12?
318
Convert 220314 (base 7) to base 10.
38574
-2c9 (base 13) to base 11
-418
111010000011 (base 2) to base 6
25111
What is -332 (base 13) in base 16?
-224
What is -22056 (base 7) in base 13?
-2694
-12003 (base 4) to base 2
-110000011
What is -112202 (base 5) in base 15?
-1302
What is 374 (base 9) in base 7?
622
Convert -1410 (base 7) to base 9.
-666
-5416 (base 12) to base 6
-110430
Convert 32333 (base 4) to base 15.
43e
-2110101212 (base 3) to base 12
-2401b
What is 2cb (base 13) in base 15?
23a
-1cc3 (base 15) to base 8
-14162
34e0 (base 16) to base 11
a196
What is 4b6a (base 14) in base 8?
31652
-4124 (base 6) to base 4
-32110
34720 (base 8) to base 14
5572
What is -4ac (base 15) in base 16?
-426
-33310 (base 4) to base 10
-1012
Convert -a3 (base 15) to base 9.
-180
Convert -668 (base 9) to base 6.
-2312
-103 (base 10) to base 12
-87
-2553 (base 9) to base 11
-1488
Convert d6b (base 14) to base 4.
221103
13441 (base 7) to base 15
113a
-45412 (base 7) to base 2
-10110100000100
12043 (base 8) to base 5
131110
What is 3860 (base 9) in base 10?
2889
Convert -1143 (base 8) to base 6.
-2455
4151 (base 10) to base 16
1037
What is -1131010 (base 6) in base 14?
-17498
What is -2090 (base 12) in base 4?
-313230
Convert 1144 (base 14) to base 12.
18a0
-2240423 (base 5) to base 9
-61020
What is -1523 (base 9) in base 11?
-960
-22225 (base 6) to base 4
-300221
10c76 (base 14) to base 16
9fa8
Convert -1780 (base 9) to base 11.
-1034
What is -4267 (base 14) in base 3?
-120201102
What is -881 (base 15) in base 12?
-1141
6871 (base 9) to base 3
20222101
3121 (base 5) to base 6
1523
Convert -11002 (base 4) to base 8.
-502
What is -333 (base 5) in base 7?
-162
What is 83c7 (base 14) in base 7?
123140
What is 14617 (base 13) in base 5?
2212013
What is 1412 (base 8) in base 5?
11103
Convert -31b (base 12) to base 5.
-3310
Convert -76 (base 14) to base 13.
-80
Convert 61550 (base 8) to base 9.
37815
13831 (base 13) to base 16
8ec0
What is -11000111010 (base 2) in base 9?
-2161
What is -20685 (base 9) in base 12?
-7b05
Convert -2455 (base 7) to base 16.
-39a
Convert 21b (base 14) to base 2.
110100001
a74 (base 15) to base 6
14531
Convert -825b (base 13) to base 4.
-10121012
164a (base 13) to base 10
3273
What is 743 (base 8) in base 6?
2123
What is 13223320 (base 4) in base 8?
75370
What is 131221 (base 8) in base 4?
23022101
What is -43062 (base 8) in base 7?
-103251
Convert 4a2 (base 12) to base 2.
1010111010
1011100101 (base 2) to base 4
23211
Convert -11031030 (base 4) to base 14.
-7ab2
Convert 4244 (base 8) to base 3.
10000221
7706 (base 11) to base 5
311140
-102232 (base 4) to base 12
-83a
Convert 7370 (base 8) to base 12.
2274
-3598 (base 16) to base 15
-40ea
Convert 574 (base 10) to base 6.
2354
Convert -16255 (base 7) to base 12.
-27b1
Convert -304055 (base 6) to base 10.
-24227
What is 2938 (base 10) in base 9?
4024
Convert -1366 (base 10) to base 4.
-111112
What is 374 (base 13) in base 8?
1132
2220201 (base 4) to base 3
112210110
Convert 1313213 (base 5) to base 2.
110010111001010
What is -101101111 (base 2) in base 16?
-16f
What is -221212120 (base 3) in base 2?
-100100110101101
-7765 (base 13) to base 14
-60cd
-5a7 (base 12) to base 2
-1101001111
Convert -1400 (base 5) to base 7.
-441
Convert 15642 (base 12) to base 6.
352122
Convert -21422 (base 5) to base 10.
-1487
-1280 (base 10) to base 4
-110000
-5c6a (base 14) to base 9
-24152
What is 10102212 (base 3) in base 13?
11ab
10444 (base 6) to base 4
112330
Convert 413 (base 7) to base 3.
21122
What is 11454 (base 11) in base 12?
9683
What is -c580 (base 16) in base 12?
-25314
What is -21301 (base 9) in base 7?
-56044
What is -1163 (base 7) in base 5?
-3222
Convert -103223 (base 7) to base 16.
-461f
-2643 (base 8) to base 5
-21233
335 (base 14) to base 5
10020
What is -15c0 (base 16) in base 6?
-41440
1882 (base 12) to base 3
11002022
12225 (base 6) to base 14
93b
11513 (base 7) to base 9
4102
1236 (base 7) to base 11
396
-1c30 (base 16) to base 11
-5470
What is 1002 (base 4) in base 14?
4a
Convert -b89 (base 13) to base 12.
-1184
Convert 1297 (base 14) to base 4.
303011
What is -63473 (base 9) in base 12?
-20333
31541 (base 7) to base 16
1e8c
1f4a (base 16) to base 2
1111101001010
1de (base 16) to base 11
3a5
32435 (base 6) to base 8
10607
What is -2523 (base 9) in base 10?
-1884
What is -863 (base 13) in base 6?
-10345
Convert 20603 (base 10) to base 7.
114032
90a9 (base 12) to base 3
210111210
Convert 2267 (base 11) to base 8.
5641
What is -1002220 (base 3) in base 7?
-2232
What is 21010 (base 3) in base 8?
300
Convert 214304 (base 6) to base 15.
5434
-4386 (base 15) to base 4
-3133131
Convert e97 (base 16) to base 13.
1914
-4489 (base 10) to base 3
-20011021
What is -233 (base 4) in base 9?
-52
-85 (base 16) to base 9
-157
What is 158a2 (base 11) in base 13?
a253
120130 (base 5) to base 16
113f
What is -503 (base 13) in base 2?
-1101010000
What is -101142 (base 8) in base 6?
-414310
-60615 (base 7) to base 11
-10065
2123 (base 13) to base 3
20022002
What is -11d (base 16) in base 4?
-10131
12cb (base 13) to base 12
1692
What is -1b731 (base 13) in base 16?
-d2bf
What is -3111 (base 11) in base 12?
-247a
1543 (base 6) to base 16
1a7
-470 (base 11) to base 12
-3a9
What is -175a (base 15) in base 12?
-2ab7
What is -133320 (base 6) in base 15?
-3a3c
Convert 7142 (base 8) to base 2.
111001100010
104 (base 12) to base 7
301
What is -2b16 (base 13) in base 11?
-4792
What is a636 (base 12) in base 14?
68b0
What is 4054 (base 14) in base 5?
323200
Convert 22435 (base 6) to base 16.
c77
What is 2105 (base 6) in base 11?
3a0
-30312 (base 9) to base 15
-5d92
Convert -12002 (base 3) to base 12.
-b5
Convert 100001111011101 (base 2) to base 13.
7ba5
Convert 3110 (base 4) to base 7.
422
11001110 (base 2) to base 8
316
-141042 (base 6) to base 